{"id":11,"date":"2021-01-05T12:40:07","date_gmt":"2021-01-05T12:40:07","guid":{"rendered":"https:\/\/www.ibjerget.dk\/?page_id=11"},"modified":"2025-10-26T18:11:13","modified_gmt":"2025-10-26T18:11:13","slug":"kontakt","status":"publish","type":"page","link":"https:\/\/www.ibjerget.dk\/index.php\/kontakt\/","title":{"rendered":"Kontakt"},"content":{"rendered":"\n<p>Ibjergvej 12, Sdr. N\u00e6r\u00e5, 5792 \u00c5rslev<\/p>\n\n\n\n<p>Niels Boye<br>E-Mail: niels@ibjerget.dk <br>Tlf.: 66 15 79 02 <br>Mobil (kun til beskeder) 30 27 79 02<br>Krops- og psykoterapi I\/S CVR-nr.: 12691807<\/p>\n\n\n\n<p>Lone Hvid<br>lone.hvid@hotmail.com <br>Mobil: 30 29 79 02                                                                                                                                                          Golden Eagle &#8211; terapier p\u00e5 Midtfyn V. Lone Hvid                                                                                                            CVR-nr.: 42494445<\/p>\n\n\n\n<p>Johan Boye<br>johanbhvid@hotmail.com <br>Mobil: 42 79 33 94<\/p>\n\n\n\n<p><\/p>\n\n\n\n<p><\/p>\n","protected":false},"excerpt":{"rendered":"<p>Ibjergvej 12, Sdr. N\u00e6r\u00e5, 5792 \u00c5rslev Niels BoyeE-Mail: niels@ibjerget.dk Tlf.: 66 15 79 02 Mobil (kun til beskeder) 30 27 79 02Krops- og psykoterapi I\/S CVR-nr.: 12691807 Lone Hvidlone.hvid@hotmail.com Mobil: 30 29 79 02 Golden Eagle &#8211; terapier p\u00e5 Midtfyn&hellip; <\/p>\n","protected":false},"author":1,"featured_media":0,"parent":0,"menu_order":0,"comment_status":"closed","ping_status":"closed","template":"","meta":{"footnotes":""},"class_list":["post-11","page","type-page","status-publish","hentry"],"_links":{"self":[{"href":"https:\/\/www.ibjerget.dk\/index.php\/wp-json\/wp\/v2\/pages\/11","targetHints":{"allow":["GET"]}}],"collection":[{"href":"https:\/\/www.ibjerget.dk\/index.php\/wp-json\/wp\/v2\/pages"}],"about":[{"href":"https:\/\/www.ibjerget.dk\/index.php\/wp-json\/wp\/v2\/types\/page"}],"author":[{"embeddable":true,"href":"https:\/\/www.ibjerget.dk\/index.php\/wp-json\/wp\/v2\/users\/1"}],"replies":[{"embeddable":true,"href":"https:\/\/www.ibjerget.dk\/index.php\/wp-json\/wp\/v2\/comments?post=11"}],"version-history":[{"count":24,"href":"https:\/\/www.ibjerget.dk\/index.php\/wp-json\/wp\/v2\/pages\/11\/revisions"}],"predecessor-version":[{"id":915,"href":"https:\/\/www.ibjerget.dk\/index.php\/wp-json\/wp\/v2\/pages\/11\/revisions\/915"}],"wp:attachment":[{"href":"https:\/\/www.ibjerget.dk\/index.php\/wp-json\/wp\/v2\/media?parent=11"}],"curies":[{"name":"wp","href":"https:\/\/api.w.org\/{rel}","templated":true}]}}