{"id":436,"date":"2022-03-31T09:09:09","date_gmt":"2022-03-31T09:09:09","guid":{"rendered":"https:\/\/www.ibjerget.dk\/?page_id=436"},"modified":"2022-10-18T16:57:19","modified_gmt":"2022-10-18T16:57:19","slug":"foraarsfordybelse","status":"publish","type":"page","link":"https:\/\/www.ibjerget.dk\/index.php\/foraarsfordybelse\/","title":{"rendered":"Hypnoterapi"},"content":{"rendered":"\n<p>Vi er 2 behandlere her p\u00e5 Ibjerget som er uddannet indenfor hypnoterapi. <\/p>\n\n\n\n<p>Johan er meget aktiv med hypnose, og har erfaring med at bearbejde mange forskellige problemstillinger i et trygt og virkningsfuldt samarbejde. <\/p>\n\n\n\n<p>Lone er ogs\u00e5 uddannet hypnoterapeut men bruger i stedet hypnosen som et supplement til andre behandllingsformer.  <\/p>\n\n\n\n<p>Hypnose delen er rykket til en dedikeret side herunder, men er stadig en del af Ibjerget.<\/p>\n\n\n\n<p>G\u00e5 ind p\u00e5 nedenst\u00e5ende link for at l\u00e6se mere om hypnose generelt og som terapiform. <\/p>\n\n\n\n<p><a href=\"http:\/\/www.hypnosevedibjerget.dk\">www.hypnosevedibjerget.dk<\/a><\/p>\n\n\n\n<p><\/p>\n","protected":false},"excerpt":{"rendered":"<p>Vi er 2 behandlere her p\u00e5 Ibjerget som er uddannet indenfor hypnoterapi. Johan er meget aktiv med hypnose, og har erfaring med at bearbejde mange forskellige problemstillinger i et trygt og virkningsfuldt samarbejde. Lone er ogs\u00e5 uddannet hypnoterapeut men bruger&hellip; <\/p>\n","protected":false},"author":1,"featured_media":0,"parent":0,"menu_order":0,"comment_status":"closed","ping_status":"closed","template":"","meta":{"footnotes":""},"class_list":["post-436","page","type-page","status-publish","hentry"],"_links":{"self":[{"href":"https:\/\/www.ibjerget.dk\/index.php\/wp-json\/wp\/v2\/pages\/436","targetHints":{"allow":["GET"]}}],"collection":[{"href":"https:\/\/www.ibjerget.dk\/index.php\/wp-json\/wp\/v2\/pages"}],"about":[{"href":"https:\/\/www.ibjerget.dk\/index.php\/wp-json\/wp\/v2\/types\/page"}],"author":[{"embeddable":true,"href":"https:\/\/www.ibjerget.dk\/index.php\/wp-json\/wp\/v2\/users\/1"}],"replies":[{"embeddable":true,"href":"https:\/\/www.ibjerget.dk\/index.php\/wp-json\/wp\/v2\/comments?post=436"}],"version-history":[{"count":34,"href":"https:\/\/www.ibjerget.dk\/index.php\/wp-json\/wp\/v2\/pages\/436\/revisions"}],"predecessor-version":[{"id":651,"href":"https:\/\/www.ibjerget.dk\/index.php\/wp-json\/wp\/v2\/pages\/436\/revisions\/651"}],"wp:attachment":[{"href":"https:\/\/www.ibjerget.dk\/index.php\/wp-json\/wp\/v2\/media?parent=436"}],"curies":[{"name":"wp","href":"https:\/\/api.w.org\/{rel}","templated":true}]}}